Calculate the highest common factor of 73297716 and 24.
12
Calculate the greatest common divisor of 32622 and 9501.
3
What is the highest common divisor of 2429 and 18365669?
2429
Calculate the highest common factor of 734910 and 350.
10
Calculate the highest common divisor of 11850 and 20373942.
474
What is the greatest common factor of 3343816 and 852?
284
What is the greatest common divisor of 40617 and 151047?
9
Calculate the greatest common divisor of 229515 and 213037.
1177
Calculate the highest common divisor of 2130 and 132570135.
1065
What is the highest common factor of 27 and 20034351?
27
Calculate the highest common factor of 1464640 and 79580.
460
Calculate the highest common divisor of 9 and 13291071.
3
What is the highest common divisor of 1048744 and 1447080?
3112
Calculate the greatest common divisor of 782622 and 1200.
6
What is the greatest common divisor of 1287521 and 403519?
271
Calculate the highest common divisor of 660 and 263582.
22
What is the greatest common factor of 760 and 4054106?
38
Calculate the highest common divisor of 154934550 and 11400.
2850
Calculate the greatest common factor of 204474 and 2377156.
106
Calculate the highest common divisor of 19117700 and 7.
7
What is the greatest common divisor of 8880 and 2556615?
15
Calculate the greatest common divisor of 299667928 and 1568.
392
What is the highest common factor of 4662549 and 216?
27
What is the highest common factor of 234 and 337103?
13
Calculate the highest common divisor of 255945 and 12583680.
1695
Calculate the greatest common divisor of 1871828 and 1792.
28
Calculate the highest common factor of 749640 and 17240.
40
Calculate the greatest common divisor of 2235 and 11182599.
447
Calculate the highest common factor of 5604 and 81888450.
2802
Calculate the highest common factor of 7866 and 1154592.
342
Calculate the highest common factor of 70 and 500655110.
10
What is the greatest common factor of 278534875 and 1375?
125
Calculate the greatest common factor of 7993319 and 2356.
589
Calculate the highest common divisor of 78 and 88568649.
39
Calculate the greatest common factor of 832 and 2937512.
8
What is the greatest common factor of 29041 and 137182?
113
Calculate the greatest common divisor of 75798 and 1232622.
18
Calculate the highest common divisor of 198767 and 7345.
113
What is the greatest common divisor of 33237060 and 100?
20
What is the greatest common factor of 219518 and 9191?
13
What is the greatest common factor of 6925905 and 3843315?
6615
Calculate the highest common factor of 540 and 28040775.
15
What is the greatest common divisor of 817330300 and 5?
5
What is the greatest common divisor of 28422 and 29884154?
3158
What is the highest common divisor of 51788 and 62390416?
4708
What is the highest common divisor of 3019285 and 680?
85
Calculate the greatest common factor of 62265 and 26723545.
2965
What is the highest common divisor of 10552497 and 192?
3
What is the greatest common divisor of 697 and 87825567?
41
What is the highest common factor of 12 and 10382118?
6
Calculate the highest common factor of 3 and 34798161.
3
What is the highest common divisor of 8605606 and 990854?
7802
Calculate the highest common factor of 3255 and 106832355.
3255
Calculate the greatest common factor of 24564 and 16026492.
276
Calculate the greatest common divisor of 781079 and 52.
13
What is the greatest common factor of 25393975 and 1737?
193
Calculate the greatest common factor of 32160 and 868722.
402
What is the greatest common divisor of 939207277 and 69?
23
What is the highest common factor of 72880439 and 807?
269
Calculate the highest common divisor of 45487863 and 1985.
397
What is the greatest common factor of 13815 and 6505?
5
Calculate the highest common divisor of 8430880 and 223445.
3335
Calculate the greatest common factor of 2054 and 3310230508.
2054
Calculate the greatest common factor of 21565 and 18669842.
227
Calculate the greatest common factor of 2478869072 and 9376.
4688
What is the highest common factor of 2141040 and 924?
132
What is the highest common divisor of 5675 and 57325?
25
What is the highest common divisor of 2441664 and 2707936?
5024
Calculate the highest common factor of 601 and 2204665729.
601
Calculate the greatest common divisor of 812 and 644.
28
Calculate the greatest common factor of 762524 and 1901564.
3164
Calculate the greatest common divisor of 7937712 and 576.
144
What is the highest common factor of 749389 and 1711?
29
What is the highest common divisor of 2331 and 157728447?
333
What is the highest common divisor of 7180 and 252316?
4
What is the highest common factor of 199215 and 5175396?
2097
Calculate the greatest common factor of 1150 and 23138736.
46
Calculate the greatest common factor of 19626 and 1662.
6
What is the highest common factor of 4141 and 2415617?
101
Calculate the greatest common divisor of 9180923 and 127018.
1549
Calculate the highest common divisor of 2200261 and 1803.
601
Calculate the highest common factor of 4017 and 1614249.
39
What is the greatest common factor of 34700437 and 118?
59
What is the greatest common divisor of 15857703 and 6606?
3303
Calculate the highest common factor of 7165 and 2977731010.
7165
Calculate the highest common divisor of 2030370 and 12.
6
Calculate the highest common factor of 346872 and 411765.
291
What is the highest common factor of 873 and 732771?
9
Calculate the highest common factor of 109831067 and 34.
17
Calculate the highest common factor of 24584 and 2854817.
3073
What is the highest common divisor of 2940 and 2923665?
15
Calculate the greatest common factor of 3304041 and 2847.
39
Calculate the greatest common divisor of 329 and 292507649.
329
Calculate the highest common factor of 690 and 440450.
230
What is the greatest common divisor of 2331 and 54099?
9
What is the highest common factor of 15 and 39687915?
15
Calculate the highest common divisor of 64 and 30709568.
64
Calculate the highest common factor of 6558512 and 1399.
1399
What is the highest common factor of 30 and 27400755?
15
What is the greatest common factor of 141480 and 6896?
8
What is the greatest common divisor of 271777 and 8680?
31
Calculate the greatest common divisor of 400 and 30928736.
16
Calculate the greatest common factor of 54 and 240927021.
27
What is the greatest common divisor of 63609 and 22087468?
3029
Calculate the greatest common divisor of 139037 and 436643.
257
Calculate the greatest common factor of 558 and 1836905.
31
Calculate the highest common factor of 173590 and 5710.
10
Calculate the greatest common divisor of 248338 and 161912.
1094
What is the highest common divisor of 37180585 and 485?
485
Calculate the greatest common factor of 80781096 and 2680.
536
What is the greatest common divisor of 16354521 and 1566?
783
Calculate the greatest common factor of 5162482 and 117.
13
What is the greatest common divisor of 125720 and 29540?
140
What is the highest common factor of 60305912 and 5045?
1009
Calculate the greatest common factor of 25860 and 53959045.
2155
What is the greatest common factor of 675 and 2487780?
135
Calculate the highest common factor of 3224 and 36322514.
62
Calculate the greatest common divisor of 34911 and 675.
27
Calculate the greatest common divisor of 2337447742 and 7276.
3638
Calculate the highest common divisor of 29737 and 8313648.
227
Calculate the greatest common factor of 6 and 9946569.
3
What is the highest common divisor of 195 and 38202177?
39
Calculate the greatest common divisor of 27 and 355479.
3
What is the greatest common divisor of 6182 and 267201?
11
Calculate the greatest common factor of 18867 and 252585107.
6289
Calculate the greatest common factor of 9086 and 15786512.
826
Calculate the highest common factor of 3850780 and 180.
20
What is the greatest common factor of 1656 and 3790890?
18
What is the greatest common divisor of 8181082 and 65254?
1106
Calculate the greatest common factor of 108547544 and 32.
8
What is the greatest common factor of 254540 and 8424?
52
Calculate the greatest common factor of 162 and 2568294.
54
Calculate the greatest common factor of 24 and 52982220.
12
What is the highest common divisor of 424 and 11390124?
212
Calculate the highest common factor 